{"id":58,"date":"2018-04-12T10:45:17","date_gmt":"2018-04-12T10:45:17","guid":{"rendered":"http:\/\/xn--pflanzlich-entwssern-pzb.de\/?page_id=58"},"modified":"2024-05-07T14:20:46","modified_gmt":"2024-05-07T14:20:46","slug":"kontakt","status":"publish","type":"page","link":"http:\/\/xn--pflanzlich-entwssern-pzb.de\/?page_id=58","title":{"rendered":"Kontakt"},"content":{"rendered":"<p>Gr\u00fcnwalder Gesundheitsprodukte GmbH<br \/>\nMoser-S\u00e4ge 6<br \/>\n83674 Gai\u00dfach<\/p>\n<p><strong>Telefon\u00a0 0 80 41 \/\u00a07 94 40 &#8211; 00<\/strong><br \/>\n<strong> Telefax\u00a0 0 80 41 \/\u00a07 94 40 &#8211; 07<\/strong><\/p>\n<p>Sie erreichen uns per E-Mail unter: <a title=\"info@gruenwalder.de\" href=\"mailto:info@gruenwalder.de\">info@gruenwalder.de<\/a><noscript>&amp;amp;amp;amp;amp;#105;&amp;amp;amp;amp;amp;#110;&amp;amp;amp;amp;amp;#102;&amp;amp;amp;amp;amp;#111;&amp;amp;amp;amp;amp;#103;&amp;amp;amp;amp;amp;#114;&amp;amp;amp;amp;amp;#117;&amp;amp;amp;amp;amp;#101;&amp;amp;amp;amp;amp;#110;&amp;amp;amp;amp;amp;#119;&amp;amp;amp;amp;amp;#97;&amp;amp;amp;amp;amp;#108;&amp;amp;amp;amp;amp;#100;&amp;amp;amp;amp;amp;#101;&amp;amp;amp;amp;amp;#114;&amp;amp;amp;amp;amp;#46;&amp;amp;amp;amp;amp;#100;&amp;amp;amp;amp;amp;#101; <\/noscript><\/p>\n<p><a href=\"http:\/\/www.gruenwalder.de\/\">http:\/\/www.gruenwalder.de\/<\/a><\/p>\n<p>Facebook:\u00a0<a href=\"https:\/\/www.facebook.com\/AsparagusP\"> www.facebook.com\/AsparagusP<\/a><\/p>\n","protected":false},"excerpt":{"rendered":"<p>Gr\u00fcnwalder Gesundheitsprodukte GmbH Moser-S\u00e4ge 6 83674 Gai\u00dfach Telefon\u00a0 0 80 41 \/\u00a07 94 40 &#8211; 00 Telefax\u00a0 0 80 41 \/\u00a07 94 40 &#8211; 07 Sie erreichen uns per E-Mail unter: info@gruenwalder.de&amp;amp;amp;amp;amp;#105;&amp;amp;amp;amp;amp;#110;&amp;amp;amp;amp;amp;#102;&amp;amp;amp;amp;amp;#111;&amp;amp;amp;amp;amp;#103;&amp;amp;amp;amp;amp;#114;&amp;amp;amp;amp;amp;#117;&amp;amp;amp;amp;amp;#101;&amp;amp;amp;amp;amp;#110;&amp;amp;amp;amp;amp;#119;&amp;amp;amp;amp;amp;#97;&amp;amp;amp;amp;amp;#108;&amp;amp;amp;amp;amp;#100;&amp;amp;amp;amp;amp;#101;&amp;amp;amp;amp;amp;#114;&amp;amp;amp;amp;amp;#46;&amp;amp;amp;amp;amp;#100;&amp;amp;amp;amp;amp;#101; http:\/\/www.gruenwalder.de\/ Facebook:\u00a0 www.facebook.com\/AsparagusP<\/p>\n","protected":false},"author":1,"featured_media":5,"parent":0,"menu_order":2,"comment_status":"closed","ping_status":"closed","template":"","meta":{"footnotes":""},"class_list":["post-58","page","type-page","status-publish","has-post-thumbnail","hentry"],"_links":{"self":[{"href":"http:\/\/xn--pflanzlich-entwssern-pzb.de\/index.php?rest_route=\/wp\/v2\/pages\/58","targetHints":{"allow":["GET"]}}],"collection":[{"href":"http:\/\/xn--pflanzlich-entwssern-pzb.de\/index.php?rest_route=\/wp\/v2\/pages"}],"about":[{"href":"http:\/\/xn--pflanzlich-entwssern-pzb.de\/index.php?rest_route=\/wp\/v2\/types\/page"}],"author":[{"embeddable":true,"href":"http:\/\/xn--pflanzlich-entwssern-pzb.de\/index.php?rest_route=\/wp\/v2\/users\/1"}],"replies":[{"embeddable":true,"href":"http:\/\/xn--pflanzlich-entwssern-pzb.de\/index.php?rest_route=%2Fwp%2Fv2%2Fcomments&post=58"}],"version-history":[{"count":6,"href":"http:\/\/xn--pflanzlich-entwssern-pzb.de\/index.php?rest_route=\/wp\/v2\/pages\/58\/revisions"}],"predecessor-version":[{"id":118,"href":"http:\/\/xn--pflanzlich-entwssern-pzb.de\/index.php?rest_route=\/wp\/v2\/pages\/58\/revisions\/118"}],"wp:featuredmedia":[{"embeddable":true,"href":"http:\/\/xn--pflanzlich-entwssern-pzb.de\/index.php?rest_route=\/wp\/v2\/media\/5"}],"wp:attachment":[{"href":"http:\/\/xn--pflanzlich-entwssern-pzb.de\/index.php?rest_route=%2Fwp%2Fv2%2Fmedia&parent=58"}],"curies":[{"name":"wp","href":"https:\/\/api.w.org\/{rel}","templated":true}]}}