{"id":2,"date":"2016-05-10T03:48:21","date_gmt":"2016-05-10T03:48:21","guid":{"rendered":"http:\/\/xn--pflanzlich-entwssern-pzb.de\/?page_id=2"},"modified":"2018-04-12T13:06:49","modified_gmt":"2018-04-12T13:06:49","slug":"sample-page","status":"publish","type":"page","link":"http:\/\/xn--pflanzlich-entwssern-pzb.de\/?page_id=2","title":{"rendered":"Wir \u00fcber uns"},"content":{"rendered":"<div class=\"_2cuy _3dgx _2vxa\"><span class=\"_4yxo\">Gr\u00fcnwalder Gesundheitsprodukte GmbH<\/span> ist ein konzernunabh\u00e4ngiges Pharmaunternehmen, das sich der Forschung, Entwicklung und dem Vertrieb nat\u00fcrlicher Arzneimittel verschrieben hat.<\/div>\n<div><\/div>\n<h5 class=\"_2cuy _3dgx _2vxa\">Nat\u00fcrliche L\u00f6sungen f\u00fcr Gesundheit, Vitalit\u00e4t und mehr.<\/h5>\n<div><\/div>\n<div><img loading=\"lazy\" decoding=\"async\" class=\"size-medium wp-image-82 alignnone\" src=\"http:\/\/xn--pflanzlich-entwssern-pzb.de\/wp-content\/uploads\/2018\/04\/Asparagus-P-Bild-2-300x257.png\" alt=\"\" width=\"300\" height=\"257\" srcset=\"http:\/\/xn--pflanzlich-entwssern-pzb.de\/wp-content\/uploads\/2018\/04\/Asparagus-P-Bild-2-300x257.png 300w, http:\/\/xn--pflanzlich-entwssern-pzb.de\/wp-content\/uploads\/2018\/04\/Asparagus-P-Bild-2-768x657.png 768w, http:\/\/xn--pflanzlich-entwssern-pzb.de\/wp-content\/uploads\/2018\/04\/Asparagus-P-Bild-2.png 944w\" sizes=\"auto, (max-width: 300px) 100vw, 300px\" \/><\/div>\n<div><\/div>\n<p>&nbsp;<\/p>\n<h3>Gr\u00fcnwalder Gesundheitsprodukte GmbH &#8211; Ihr Partner f\u00fcr Gesundheit<\/h3>\n<p><a href=\"http:\/\/www.gruenwalder.de\/\">http:\/\/www.gruenwalder.de\/<\/a><\/p>\n<div><\/div>\n","protected":false},"excerpt":{"rendered":"<p>Gr\u00fcnwalder Gesundheitsprodukte GmbH ist ein konzernunabh\u00e4ngiges Pharmaunternehmen, das sich der Forschung, Entwicklung und dem Vertrieb nat\u00fcrlicher Arzneimittel verschrieben hat. Nat\u00fcrliche L\u00f6sungen f\u00fcr Gesundheit, Vitalit\u00e4t und mehr. &nbsp; Gr\u00fcnwalder Gesundheitsprodukte GmbH &#8211; Ihr Partner f\u00fcr Gesundheit http:\/\/www.gruenwalder.de\/<\/p>\n","protected":false},"author":1,"featured_media":5,"parent":0,"menu_order":0,"comment_status":"closed","ping_status":"open","template":"","meta":{"footnotes":""},"class_list":["post-2","page","type-page","status-publish","has-post-thumbnail","hentry"],"_links":{"self":[{"href":"http:\/\/xn--pflanzlich-entwssern-pzb.de\/index.php?rest_route=\/wp\/v2\/pages\/2","targetHints":{"allow":["GET"]}}],"collection":[{"href":"http:\/\/xn--pflanzlich-entwssern-pzb.de\/index.php?rest_route=\/wp\/v2\/pages"}],"about":[{"href":"http:\/\/xn--pflanzlich-entwssern-pzb.de\/index.php?rest_route=\/wp\/v2\/types\/page"}],"author":[{"embeddable":true,"href":"http:\/\/xn--pflanzlich-entwssern-pzb.de\/index.php?rest_route=\/wp\/v2\/users\/1"}],"replies":[{"embeddable":true,"href":"http:\/\/xn--pflanzlich-entwssern-pzb.de\/index.php?rest_route=%2Fwp%2Fv2%2Fcomments&post=2"}],"version-history":[{"count":4,"href":"http:\/\/xn--pflanzlich-entwssern-pzb.de\/index.php?rest_route=\/wp\/v2\/pages\/2\/revisions"}],"predecessor-version":[{"id":80,"href":"http:\/\/xn--pflanzlich-entwssern-pzb.de\/index.php?rest_route=\/wp\/v2\/pages\/2\/revisions\/80"}],"wp:featuredmedia":[{"embeddable":true,"href":"http:\/\/xn--pflanzlich-entwssern-pzb.de\/index.php?rest_route=\/wp\/v2\/media\/5"}],"wp:attachment":[{"href":"http:\/\/xn--pflanzlich-entwssern-pzb.de\/index.php?rest_route=%2Fwp%2Fv2%2Fmedia&parent=2"}],"curies":[{"name":"wp","href":"https:\/\/api.w.org\/{rel}","templated":true}]}}